{"id":9,"date":"2022-03-23T19:35:55","date_gmt":"2022-03-23T18:35:55","guid":{"rendered":"http:\/\/www.psychologie-dallhammer.at\/web\/?page_id=9"},"modified":"2024-05-11T23:34:35","modified_gmt":"2024-05-11T21:34:35","slug":"home","status":"publish","type":"page","link":"https:\/\/www.psychologie-dallhammer.at\/web\/","title":{"rendered":"Home"},"content":{"rendered":"\n<div id=\"wp-block-themeisle-blocks-advanced-columns-af1635f9\" class=\"wp-block-themeisle-blocks-advanced-columns alignfull has-1-columns has-desktop-equal-layout has-tablet-equal-layout has-mobile-equal-layout has-vertical-center\"><div class=\"wp-block-themeisle-blocks-advanced-columns-overlay\"><\/div><div class=\"innerblocks-wrap\">\n<div id=\"wp-block-themeisle-blocks-advanced-column-afacdff0\" class=\"wp-block-themeisle-blocks-advanced-column\">\n<h1 id=\"wp-block-themeisle-blocks-advanced-heading-a475539e\" class=\"wp-block-themeisle-blocks-advanced-heading wp-block-themeisle-blocks-advanced-heading-a475539e\">&#8222;An den Scheidewegen des Lebens stehen keine Wegweiser.&#8220;<\/h1>\n\n\n\n<p class=\"has-text-align-right has-nv-site-bg-color has-text-color\">(Charly Chaplin)<\/p>\n\n\n\n<div style=\"height:100px\" aria-hidden=\"true\" class=\"wp-block-spacer\"><\/div>\n\n\n\n<div id=\"wp-block-themeisle-blocks-button-group-0b62935a\" class=\"wp-block-themeisle-blocks-button-group collapse-tablet wp-block-buttons align-center ticss-0b62935a\">\n<div id=\"wp-block-themeisle-blocks-button-b60e8faa\" class=\"wp-block-themeisle-blocks-button wp-block-button\"><a href=\"#wp-block-themeisle-blocks-advanced-columns-1b9a5cd1\" target=\"_self\" rel=\"noopener noreferrer\" class=\"wp-block-button__link\"><span>Klinische<br>Psychologie<\/span><\/a><\/div>\n\n\n\n<div id=\"wp-block-themeisle-blocks-button-94d23cd4\" class=\"wp-block-themeisle-blocks-button wp-block-button\"><a href=\"#wp-block-themeisle-blocks-advanced-columns-49b1967a\" target=\"_self\" rel=\"noopener noreferrer\" class=\"wp-block-button__link\"><span>Gesundheits-<br>psychologie<\/span><\/a><\/div>\n\n\n\n<div id=\"wp-block-themeisle-blocks-button-a177f207\" class=\"wp-block-themeisle-blocks-button wp-block-button\"><a href=\"#wp-block-themeisle-blocks-advanced-columns-4d4a636a\" target=\"_self\" rel=\"noopener noreferrer\" class=\"wp-block-button__link\"><span>Psychologische<br>Beratung<\/span><\/a><\/div>\n\n\n\n<div id=\"wp-block-themeisle-blocks-button-f207f291\" class=\"wp-block-themeisle-blocks-button wp-block-button\"><a href=\"#focus\" target=\"_self\" rel=\"noopener noreferrer\" class=\"wp-block-button__link\"><span>Zu meiner<br>Person<\/span><\/a><\/div>\n\n\n\n<div id=\"wp-block-themeisle-blocks-button-4847184c\" class=\"wp-block-themeisle-blocks-button wp-block-button\"><a href=\"#contact\" target=\"_self\" rel=\"noopener noreferrer\" class=\"wp-block-button__link\"><span>Mein<br>Kontakt<\/span><\/a><\/div>\n<\/div>\n<\/div>\n<\/div><\/div>\n\n\n\n<div id=\"wp-block-themeisle-blocks-advanced-columns-1b9a5cd1\" class=\"wp-block-themeisle-blocks-advanced-columns alignfull has-2-columns has-desktop-equal-layout has-tablet-collapsedRows-layout has-mobile-collapsedRows-layout has-vertical-center has-light-bg\"><div class=\"wp-block-themeisle-blocks-advanced-columns-overlay\"><\/div><div class=\"innerblocks-wrap\">\n<div id=\"wp-block-themeisle-blocks-advanced-column-641c157f\" class=\"wp-block-themeisle-blocks-advanced-column about-content animated fadeInLeft slow has-light-bg\">\n<h1 id=\"wp-block-themeisle-blocks-advanced-heading-6c81570f\" class=\"wp-block-themeisle-blocks-advanced-heading wp-block-themeisle-blocks-advanced-heading-6c81570f ticss-e112a132\">Klinische<br>Psychologie<\/h1>\n\n\n\n<div style=\"height:30px\" aria-hidden=\"true\" class=\"wp-block-spacer\"><\/div>\n\n\n\n<h5 id=\"wp-block-themeisle-blocks-advanced-heading-906b628f\" class=\"wp-block-themeisle-blocks-advanced-heading wp-block-themeisle-blocks-advanced-heading-906b628f\"><strong><strong>Ich biete<\/strong><\/strong><br><strong><strong>klinisch- psychologische <\/strong><\/strong><br><strong><strong>Behandlung bei:<\/strong><\/strong><\/h5>\n\n\n\n<p id=\"wp-block-themeisle-blocks-advanced-heading-0cf00df4\" class=\"wp-block-themeisle-blocks-advanced-heading wp-block-themeisle-blocks-advanced-heading-0cf00df4\">&#8211; Depressionen<br>&#8211; Angsterkrankungen<br>&#8211; Schlaftst\u00f6rungen<br>&#8211; Zwangserkrankungen<br>&#8211; akuten Belastungsreaktionen<br>&#8211; chronischen Erkrankungen<br><br>Die&nbsp;<strong>klinisch- psychologische&nbsp;Behandlung<\/strong>&nbsp;<br>beinhaltet alle bew\u00e4hrten Behandlungsans\u00e4tze, die aufgrund wissenschaftlicher Untersuchungen als wirksam angesehen werden k\u00f6nnen. Die testpsychologische Diagnostik zu Beginn jeder Therapie gew\u00e4hrleistet eine zielf\u00fchrende und individuell angepasste Behandlungsplanung..<\/p>\n\n\n\n<p id=\"wp-block-themeisle-blocks-advanced-heading-20f4aa1d\" class=\"wp-block-themeisle-blocks-advanced-heading wp-block-themeisle-blocks-advanced-heading-20f4aa1d\"><\/p>\n<\/div>\n\n\n\n<div id=\"wp-block-themeisle-blocks-advanced-column-945dfc2f\" class=\"wp-block-themeisle-blocks-advanced-column\">\n<figure class=\"wp-block-image size-large is-resized\"><img loading=\"lazy\" decoding=\"async\" width=\"740\" height=\"1024\" src=\"https:\/\/www.psychologie-dallhammer.at\/web\/wp-content\/uploads\/2022\/05\/069-740x1024.jpg\" alt=\"\" class=\"wp-image-353\" style=\"width:442px;height:611px\" srcset=\"https:\/\/www.psychologie-dallhammer.at\/web\/wp-content\/uploads\/2022\/05\/069-740x1024.jpg 740w, https:\/\/www.psychologie-dallhammer.at\/web\/wp-content\/uploads\/2022\/05\/069-217x300.jpg 217w, https:\/\/www.psychologie-dallhammer.at\/web\/wp-content\/uploads\/2022\/05\/069-768x1063.jpg 768w, https:\/\/www.psychologie-dallhammer.at\/web\/wp-content\/uploads\/2022\/05\/069-1110x1536.jpg 1110w, https:\/\/www.psychologie-dallhammer.at\/web\/wp-content\/uploads\/2022\/05\/069-1480x2048.jpg 1480w, https:\/\/www.psychologie-dallhammer.at\/web\/wp-content\/uploads\/2022\/05\/069-scaled.jpg 1850w\" sizes=\"auto, (max-width: 740px) 100vw, 740px\" \/><\/figure>\n<\/div>\n<\/div><\/div>\n\n\n\n<div id=\"wp-block-themeisle-blocks-advanced-columns-49b1967a\" class=\"wp-block-themeisle-blocks-advanced-columns alignfull has-2-columns has-desktop-oneTwo-layout has-tablet-collapsedRows-layout has-mobile-collapsedRows-layout has-vertical-center has-light-bg\"><div class=\"wp-block-themeisle-blocks-advanced-columns-overlay\"><\/div><div class=\"innerblocks-wrap\">\n<div id=\"wp-block-themeisle-blocks-advanced-column-47d80d6d\" class=\"wp-block-themeisle-blocks-advanced-column animated fadeIn slow\">\n<div id=\"wp-block-themeisle-blocks-advanced-columns-8251854a\" class=\"wp-block-themeisle-blocks-advanced-columns has-1-columns has-desktop-equal-layout has-tablet-equal-layout has-mobile-equal-layout has-vertical-unset\"><div class=\"wp-block-themeisle-blocks-advanced-columns-overlay\"><\/div><div class=\"innerblocks-wrap\">\n<div id=\"wp-block-themeisle-blocks-advanced-column-eba730df\" class=\"wp-block-themeisle-blocks-advanced-column\">\n<figure class=\"wp-block-image size-full is-resized\"><img loading=\"lazy\" decoding=\"async\" width=\"1700\" height=\"2560\" src=\"https:\/\/www.psychologie-dallhammer.at\/web\/wp-content\/uploads\/2022\/08\/dallhammer-scaled.jpg\" alt=\"\" class=\"wp-image-459\" style=\"width:442px;height:632px\" srcset=\"https:\/\/www.psychologie-dallhammer.at\/web\/wp-content\/uploads\/2022\/08\/dallhammer-scaled.jpg 1700w, https:\/\/www.psychologie-dallhammer.at\/web\/wp-content\/uploads\/2022\/08\/dallhammer-199x300.jpg 199w, https:\/\/www.psychologie-dallhammer.at\/web\/wp-content\/uploads\/2022\/08\/dallhammer-680x1024.jpg 680w, https:\/\/www.psychologie-dallhammer.at\/web\/wp-content\/uploads\/2022\/08\/dallhammer-768x1156.jpg 768w, https:\/\/www.psychologie-dallhammer.at\/web\/wp-content\/uploads\/2022\/08\/dallhammer-1020x1536.jpg 1020w, https:\/\/www.psychologie-dallhammer.at\/web\/wp-content\/uploads\/2022\/08\/dallhammer-1360x2048.jpg 1360w\" sizes=\"auto, (max-width: 1700px) 100vw, 1700px\" \/><\/figure>\n<\/div>\n<\/div><\/div>\n<\/div>\n\n\n\n<div id=\"wp-block-themeisle-blocks-advanced-column-f00b475c\" class=\"wp-block-themeisle-blocks-advanced-column about-content animated fadeInRight delay-500ms slow has-light-bg\">\n<h1 id=\"wp-block-themeisle-blocks-advanced-heading-1717d466\" class=\"wp-block-themeisle-blocks-advanced-heading wp-block-themeisle-blocks-advanced-heading-1717d466\">Gesundheitspsychologie<\/h1>\n\n\n\n<div style=\"height:30px\" aria-hidden=\"true\" class=\"wp-block-spacer\"><\/div>\n\n\n\n<h5 id=\"wp-block-themeisle-blocks-advanced-heading-498ae788\" class=\"wp-block-themeisle-blocks-advanced-heading wp-block-themeisle-blocks-advanced-heading-498ae788\"><strong style=\"font-weight: bold;\">Im Rahmen der Gesundheitspsychologie biete ich nachfolgende<\/strong> <strong><strong>Leistungen an:<\/strong><\/strong><\/h5>\n\n\n\n<p id=\"wp-block-themeisle-blocks-advanced-heading-4b4efb6e\" class=\"wp-block-themeisle-blocks-advanced-heading wp-block-themeisle-blocks-advanced-heading-4b4efb6e\"><strong>Im Rahmen der Gesundheitspsychologie biete ich nachfolgende Leistungen an:<\/strong><br>&#8211; Gesundheitsf\u00f6rderung<br>&#8211; Stressmanagement<br>&#8211; Work-Life-Balance<br>&#8211; Entspannungstraining&nbsp;<br>(Progressive Muskelentspannung nach Jacobsen, Phantasiereisen, Ruhebild)<br><br>Die&nbsp;<strong>Gesundheitspsychologie<\/strong>&nbsp;befasst sich mit der F\u00f6rderung sowie Erhaltung von physischer und psychischer Gesundheit. Sie bietet auch Unterst\u00fctzung bei der Bew\u00e4ltigung von Erkrankungen und der Wiederherstellung der Gesundheit mittels psychologischer Methoden.<\/p>\n<\/div>\n<\/div><\/div>\n\n\n\n<div id=\"wp-block-themeisle-blocks-advanced-columns-4d4a636a\" class=\"wp-block-themeisle-blocks-advanced-columns alignfull has-2-columns has-desktop-equal-layout has-tablet-collapsedRows-layout has-mobile-collapsedRows-layout has-vertical-center has-light-bg\"><div class=\"wp-block-themeisle-blocks-advanced-columns-overlay\"><\/div><div class=\"innerblocks-wrap\">\n<div id=\"wp-block-themeisle-blocks-advanced-column-bd997c84\" class=\"wp-block-themeisle-blocks-advanced-column about-content animated fadeInLeft slow has-light-bg\">\n<h1 id=\"wp-block-themeisle-blocks-advanced-heading-94da87b1\" class=\"wp-block-themeisle-blocks-advanced-heading wp-block-themeisle-blocks-advanced-heading-94da87b1\">Psychologische<br>Beratung<\/h1>\n\n\n\n<div style=\"height:30px\" aria-hidden=\"true\" class=\"wp-block-spacer\"><\/div>\n\n\n\n<h2 id=\"wp-block-themeisle-blocks-advanced-heading-cb8246af\" class=\"wp-block-themeisle-blocks-advanced-heading wp-block-themeisle-blocks-advanced-heading-cb8246af\"><strong><strong><strong>Ich biete bei folgenden Themen Beratung an:<\/strong><\/strong><\/strong><\/h2>\n\n\n\n<p id=\"wp-block-themeisle-blocks-advanced-heading-b086747a\" class=\"wp-block-themeisle-blocks-advanced-heading wp-block-themeisle-blocks-advanced-heading-b086747a\">&#8211; Lebenskrisen<br>&#8211; Trauerbegleitung<br>&#8211; Gesund ins Alter<br>&#8211; Studien- und Berufswahlberatung f\u00fcr Maturantinnen<br><br><strong>Psychologische Beratung<\/strong><br>beinhaltet Ausk\u00fcnfte und Informationen, konkrete Hilfestellungen bei Problemen. Durch die F\u00f6rderung der vorhandenen F\u00e4higkeiten und einer wertsch\u00e4tzenden unterst\u00fctzenden Kommunikationsform k\u00f6nnen somit schwierige Lebenslagen mit eigenen Kr\u00e4ften gemeistert werden.<\/p>\n<\/div>\n\n\n\n<div id=\"wp-block-themeisle-blocks-advanced-column-123818a9\" class=\"wp-block-themeisle-blocks-advanced-column animated fadeIn slow\">\n<figure class=\"wp-block-image size-large is-resized\"><img loading=\"lazy\" decoding=\"async\" width=\"1024\" height=\"680\" src=\"https:\/\/www.psychologie-dallhammer.at\/web\/wp-content\/uploads\/2022\/03\/IMGP8465-1024x680.jpg\" alt=\"\" class=\"wp-image-17\" style=\"width:549px;height:364px\" srcset=\"https:\/\/www.psychologie-dallhammer.at\/web\/wp-content\/uploads\/2022\/03\/IMGP8465-1024x680.jpg 1024w, https:\/\/www.psychologie-dallhammer.at\/web\/wp-content\/uploads\/2022\/03\/IMGP8465-scaled-600x398.jpg 600w, https:\/\/www.psychologie-dallhammer.at\/web\/wp-content\/uploads\/2022\/03\/IMGP8465-300x199.jpg 300w, https:\/\/www.psychologie-dallhammer.at\/web\/wp-content\/uploads\/2022\/03\/IMGP8465-768x510.jpg 768w, https:\/\/www.psychologie-dallhammer.at\/web\/wp-content\/uploads\/2022\/03\/IMGP8465-1536x1020.jpg 1536w, https:\/\/www.psychologie-dallhammer.at\/web\/wp-content\/uploads\/2022\/03\/IMGP8465-2048x1360.jpg 2048w\" sizes=\"auto, (max-width: 1024px) 100vw, 1024px\" \/><\/figure>\n<\/div>\n<\/div><\/div>\n\n\n\n<div id=\"focus\" class=\"wp-block-themeisle-blocks-advanced-columns alignfull has-1-columns has-desktop-equal-layout has-tablet-equal-layout has-mobile-equal-layout has-vertical-unset has-light-bg\"><div class=\"wp-block-themeisle-blocks-advanced-columns-overlay\"><\/div><div class=\"innerblocks-wrap\">\n<div id=\"wp-block-themeisle-blocks-advanced-column-4e76066d\" class=\"wp-block-themeisle-blocks-advanced-column\">\n<h2 id=\"wp-block-themeisle-blocks-advanced-heading-bcc3d025\" class=\"wp-block-themeisle-blocks-advanced-heading wp-block-themeisle-blocks-advanced-heading-bcc3d025\"><strong>Zu meiner Person<\/strong><\/h2>\n\n\n<div class=\"wp-block-image animated fadeIn slow\">\n<figure class=\"aligncenter size-full is-resized\" id=\"wp-block-themeisle-blocks-image-f13717b2\"><img loading=\"lazy\" decoding=\"async\" width=\"662\" height=\"784\" src=\"https:\/\/www.psychologie-dallhammer.at\/web\/wp-content\/uploads\/2022\/03\/Passfotoa.jpg\" alt=\"\" class=\"wp-image-87\" style=\"aspect-ratio:3\/4;object-fit:cover;width:331px\" srcset=\"https:\/\/www.psychologie-dallhammer.at\/web\/wp-content\/uploads\/2022\/03\/Passfotoa.jpg 662w, https:\/\/www.psychologie-dallhammer.at\/web\/wp-content\/uploads\/2022\/03\/Passfotoa-253x300.jpg 253w, https:\/\/www.psychologie-dallhammer.at\/web\/wp-content\/uploads\/2022\/03\/Passfotoa-600x711.jpg 600w\" sizes=\"auto, (max-width: 662px) 100vw, 662px\" \/><figcaption class=\"wp-element-caption\">Mag. Elisabeth Dallhammer-Wimmer<\/figcaption><\/figure>\n<\/div><\/div>\n<\/div><\/div>\n\n\n\n<div id=\"wp-block-themeisle-blocks-advanced-columns-9717aec8\" class=\"wp-block-themeisle-blocks-advanced-columns has-1-columns has-desktop-equal-layout has-tablet-equal-layout has-mobile-equal-layout has-vertical-unset\"><div class=\"wp-block-themeisle-blocks-advanced-columns-overlay\"><\/div><div class=\"innerblocks-wrap\">\n<div id=\"wp-block-themeisle-blocks-advanced-column-4cbdced5\" class=\"wp-block-themeisle-blocks-advanced-column has-light-bg\">\n<div id=\"wp-block-themeisle-blocks-advanced-columns-92af952d\" class=\"wp-block-themeisle-blocks-advanced-columns alignwide has-2-columns has-desktop-equal-layout has-tablet-twoColumnGrid-layout has-mobile-collapsedRows-layout has-vertical-center\"><div class=\"wp-block-themeisle-blocks-advanced-columns-overlay\"><\/div><div class=\"innerblocks-wrap\">\n<div id=\"wp-block-themeisle-blocks-advanced-column-dc888204\" class=\"wp-block-themeisle-blocks-advanced-column animated backInLeft slow has-light-bg\">\n<div class=\"wp-block-themeisle-blocks-service\">\n<div id=\"wp-block-themeisle-blocks-font-awesome-icons-b7eff636\" class=\"wp-block-themeisle-blocks-font-awesome-icons\"><span class=\"wp-block-themeisle-blocks-font-awesome-icons-container\"><i class=\"far fa-id-card\"><\/i><\/span><\/div>\n\n\n\n<h5 id=\"wp-block-themeisle-blocks-advanced-heading-3f6771a3\" class=\"wp-block-themeisle-blocks-advanced-heading wp-block-themeisle-blocks-advanced-heading-3f6771a3\"><strong>Beruflicher Werdegang:<\/strong><\/h5>\n\n\n\n<p id=\"wp-block-themeisle-blocks-advanced-heading-4ff2b4f2\" class=\"wp-block-themeisle-blocks-advanced-heading wp-block-themeisle-blocks-advanced-heading-4ff2b4f2\"><strong>1990-1994<\/strong><br>DGKS &#8211; Unfallkrankenhaus Lorenz B\u00f6hler Wien<br><strong>1996-2001<\/strong><br>DGKS &#8211; AKH-Wien; Universit\u00e4tsklinik f\u00fcr Psychatrie<br><strong>2004<\/strong><br>Psychosoziales Zentrum Schiltern<br>Arbeitsrehabilitation von Menschen mit psychiatrischer Erkrankung<br><strong>2005<\/strong><br>Psychologische Beratungsstelle f\u00fcr Studierende<br>Schwerpunkt Studienwahldiagnostik und Beratung<br><strong>2006<\/strong><br>DGKS &#8211; AKH-Wien; Universit\u00e4tsklinik f\u00fcr Psychatrie<br><strong>seit 2010<\/strong><br>selbst\u00e4ndig in eigener Praxis<br><strong>seit 2011<\/strong><br>VORSORGEaktiv noetutgut &#8211; Training mentale Gesundheit<br><strong>2012-2017<\/strong><br>Studien- und Berufswahlberatung im Rahmen des Projekts Studienchecker des BMUKK und BMWF<br><strong>seit 201<\/strong>7<br>Lebens.Resort Ottenschlag<br><strong>seit 2018<\/strong><br>Kinderburg Rappottenstein<\/p>\n<\/div>\n<\/div>\n\n\n\n<div id=\"wp-block-themeisle-blocks-advanced-column-c7dc5913\" class=\"wp-block-themeisle-blocks-advanced-column animated backInRight slow has-light-bg\">\n<div class=\"wp-block-themeisle-blocks-service\">\n<div id=\"wp-block-themeisle-blocks-font-awesome-icons-29911a56\" class=\"wp-block-themeisle-blocks-font-awesome-icons\"><span class=\"wp-block-themeisle-blocks-font-awesome-icons-container\"><i class=\"fas fa-book\"><\/i><\/span><\/div>\n\n\n\n<h5 id=\"wp-block-themeisle-blocks-advanced-heading-b55ef69b\" class=\"wp-block-themeisle-blocks-advanced-heading wp-block-themeisle-blocks-advanced-heading-b55ef69b\"><strong>Ausbildung:<\/strong><\/h5>\n\n\n\n<p id=\"wp-block-themeisle-blocks-advanced-heading-c103aa11\" class=\"wp-block-themeisle-blocks-advanced-heading wp-block-themeisle-blocks-advanced-heading-c103aa11\"><strong>1986-1990<\/strong><br>Allgemeine Krankenpflegeschule Krems\/Donau<br><br><br><strong>1994-2001<\/strong><br>Studium der Psychologie an der Universit\u00e4t Wien<br><br><br><strong>1998<\/strong><br>Berechtigung zur Berufsaus\u00fcbung in der psychiatrischen Gesundheits- und Krankenpflege nach \u00a7 111 Abs. 2 Gesundheits- u. Krankenpflegegesetz<br><br><br><strong>2002-2003<\/strong><br>Curriculum Klinische und Gesundheitspsychologie<br><br><br><strong>2002<\/strong><br>Psychotherapeutisches Prop\u00e4deutikum (ARGE Sozialp\u00e4dagogik Wien)<br>Weiterbildungen in den Bereichen psychologische Diagnostik, Gesundheitspsychologie und Psychiatrie<\/p>\n<\/div>\n<\/div>\n<\/div><\/div>\n<\/div>\n<\/div><\/div>\n\n\n\n<div id=\"contact\" class=\"wp-block-themeisle-blocks-advanced-columns alignfull has-1-columns has-desktop-equal-layout has-tablet-equal-layout has-mobile-equal-layout has-vertical-unset\"><div class=\"wp-block-themeisle-blocks-advanced-columns-overlay\"><\/div><div class=\"innerblocks-wrap\">\n<div id=\"wp-block-themeisle-blocks-advanced-column-8ef95448\" class=\"wp-block-themeisle-blocks-advanced-column\">\n<h2 id=\"wp-block-themeisle-blocks-advanced-heading-79d4dc84\" class=\"wp-block-themeisle-blocks-advanced-heading wp-block-themeisle-blocks-advanced-heading-79d4dc84\">Kontakt<\/h2>\n\n\n\n<div id=\"wp-block-themeisle-blocks-advanced-columns-c3735c0d\" class=\"wp-block-themeisle-blocks-advanced-columns has-3-columns has-desktop-oneTwoOne-layout has-tablet-collapsedRows-layout has-mobile-collapsedRows-layout has-vertical-unset\"><div class=\"wp-block-themeisle-blocks-advanced-columns-overlay\"><\/div><div class=\"innerblocks-wrap\">\n<div id=\"wp-block-themeisle-blocks-advanced-column-0567c16a\" class=\"wp-block-themeisle-blocks-advanced-column animated fadeInLeft\">\n<div class=\"wp-block-themeisle-blocks-service\">\n<h6 id=\"wp-block-themeisle-blocks-advanced-heading-78b7b5d0\" class=\"wp-block-themeisle-blocks-advanced-heading wp-block-themeisle-blocks-advanced-heading-78b7b5d0\">Telefon<\/h6>\n\n\n\n<p id=\"wp-block-themeisle-blocks-advanced-heading-b265261c\" class=\"wp-block-themeisle-blocks-advanced-heading wp-block-themeisle-blocks-advanced-heading-b265261c\">0680\/30 40 937<\/p>\n<\/div>\n<\/div>\n\n\n\n<div id=\"wp-block-themeisle-blocks-advanced-column-84250375\" class=\"wp-block-themeisle-blocks-advanced-column animated fadeInDown\">\n<div class=\"wp-block-themeisle-blocks-service\">\n<h6 id=\"wp-block-themeisle-blocks-advanced-heading-eae72deb\" class=\"wp-block-themeisle-blocks-advanced-heading wp-block-themeisle-blocks-advanced-heading-eae72deb\">E-Mail<\/h6>\n\n\n\n<p id=\"wp-block-themeisle-blocks-advanced-heading-5085f582\" class=\"wp-block-themeisle-blocks-advanced-heading wp-block-themeisle-blocks-advanced-heading-5085f582\"><a href=\"mailto:praxis@psychologie-dallhammer.at\" target=\"_blank\" rel=\"noreferrer noopener\">praxis@psychologie-dallhammer.at<\/a><\/p>\n<\/div>\n<\/div>\n\n\n\n<div id=\"wp-block-themeisle-blocks-advanced-column-9628a24c\" class=\"wp-block-themeisle-blocks-advanced-column animated fadeInRight\">\n<div class=\"wp-block-themeisle-blocks-service\">\n<h6 id=\"wp-block-themeisle-blocks-advanced-heading-63cd76fa\" class=\"wp-block-themeisle-blocks-advanced-heading wp-block-themeisle-blocks-advanced-heading-63cd76fa\">Anfahrt<\/h6>\n\n\n\n<p id=\"wp-block-themeisle-blocks-advanced-heading-1a6eb528\" class=\"wp-block-themeisle-blocks-advanced-heading wp-block-themeisle-blocks-advanced-heading-1a6eb528\">Brunn am Wald 58<br>3522 Lichtenau<\/p>\n<\/div>\n<\/div>\n<\/div><\/div>\n\n\n\n<div id=\"wp-block-themeisle-blocks-advanced-columns-516bf528\" class=\"wp-block-themeisle-blocks-advanced-columns has-1-columns has-desktop-equal-layout has-tablet-equal-layout has-mobile-equal-layout has-vertical-unset\"><div class=\"wp-block-themeisle-blocks-advanced-columns-overlay\"><\/div><div class=\"innerblocks-wrap\">\n<div id=\"wp-block-themeisle-blocks-advanced-column-f44e0755\" class=\"wp-block-themeisle-blocks-advanced-column\">\n<div class=\"wp-block-columns is-layout-flex wp-container-core-columns-is-layout-9d6595d7 wp-block-columns-is-layout-flex\">\n<div class=\"wp-block-column is-vertically-aligned-center is-layout-flow wp-block-column-is-layout-flow\" style=\"flex-basis:100%\">\n<div class=\"wp-block-group alignwide\"><div class=\"wp-block-group__inner-container is-layout-flow wp-block-group-is-layout-flow\">\n<center><iframe src=\"https:\/\/www.google.com\/maps\/embed?pb=!1m18!1m12!1m3!1d2643.8051632462802!2d15.40729921604882!3d48.49862797925391!2m3!1f0!2f0!3f0!3m2!1i1024!2i768!4f13.1!3m3!1m2!1s0x4772927ac3b1edb9%3A0x6b3fd3459ef4dce5!2sBrunn%20am%20Wald%2058%2C%203522%20Brunn%20am%20Wald!5e0!3m2!1sde!2sat!4v1648294221294!5m2!1sde!2sat\" width=\"600\" height=\"450\" style=\"border:0;\" allowfullscreen=\"\" loading=\"lazy\" referrerpolicy=\"no-referrer-when-downgrade\"><\/iframe><\/center>\n<\/div><\/div>\n<\/div>\n<\/div>\n<\/div>\n<\/div><\/div>\n<\/div>\n<\/div><\/div>\n","protected":false},"excerpt":{"rendered":"","protected":false},"author":1,"featured_media":0,"parent":0,"menu_order":0,"comment_status":"closed","ping_status":"closed","template":"page-templates\/template-pagebuilder-full-width.php","meta":{"neve_meta_sidebar":"full-width","neve_meta_container":"full-width","neve_meta_enable_content_width":"off","neve_meta_content_width":0,"neve_meta_title_alignment":"","neve_meta_author_avatar":"","neve_post_elements_order":"","neve_meta_disable_header":"","neve_meta_disable_footer":"","neve_meta_disable_title":"on","_themeisle_gutenberg_block_has_review":false,"_ti_tpc_template_sync":false,"_ti_tpc_template_id":"","footnotes":""},"class_list":["post-9","page","type-page","status-publish","hentry"],"_links":{"self":[{"href":"https:\/\/www.psychologie-dallhammer.at\/web\/index.php?rest_route=\/wp\/v2\/pages\/9","targetHints":{"allow":["GET"]}}],"collection":[{"href":"https:\/\/www.psychologie-dallhammer.at\/web\/index.php?rest_route=\/wp\/v2\/pages"}],"about":[{"href":"https:\/\/www.psychologie-dallhammer.at\/web\/index.php?rest_route=\/wp\/v2\/types\/page"}],"author":[{"embeddable":true,"href":"https:\/\/www.psychologie-dallhammer.at\/web\/index.php?rest_route=\/wp\/v2\/users\/1"}],"replies":[{"embeddable":true,"href":"https:\/\/www.psychologie-dallhammer.at\/web\/index.php?rest_route=%2Fwp%2Fv2%2Fcomments&post=9"}],"version-history":[{"count":317,"href":"https:\/\/www.psychologie-dallhammer.at\/web\/index.php?rest_route=\/wp\/v2\/pages\/9\/revisions"}],"predecessor-version":[{"id":527,"href":"https:\/\/www.psychologie-dallhammer.at\/web\/index.php?rest_route=\/wp\/v2\/pages\/9\/revisions\/527"}],"wp:attachment":[{"href":"https:\/\/www.psychologie-dallhammer.at\/web\/index.php?rest_route=%2Fwp%2Fv2%2Fmedia&parent=9"}],"curies":[{"name":"wp","href":"https:\/\/api.w.org\/{rel}","templated":true}]}}